What is the greatest common factor of i and 1180?
20
Suppose 5808 = 5*j + 3*w, 25*w = 27*w + 8. Calculate the greatest common factor of j and 12.
12
Suppose 3*u + 0*u - 27 = 0. Let i(x) = x**3 - x**2 + x + 18. Let q be 2 + 1/(-1) - 1. Let h be i(q). What is the greatest common factor of u and h?
9
Let q(n) = -n**2 + 10*n + 4. Let v be q(3). Calculate the greatest common factor of 150 and v.
25
Suppose -f = -4*q + 7, 4*q - 7*q = -2*f + 1. Calculate the highest common factor of 80 and f.
5
Let p = -7 + 19. Let f = 19 - p. Calculate the greatest common factor of f and 7.
7
Let l = 83 - 83. Suppose -y - 5 = l, -2*y = 5*s - 7*y - 985. Let u(i) = -5*i - 1. Let r be u(-5). What is the highest common factor of r and s?
24
Suppose 0 = 26*y - 12*y - 770. Calculate the highest common divisor of y and 880.
55
Suppose 0 = d - 5 + 9. Let y be 12/d*(3 - 4). Suppose -25 - 20 = -y*s. What is the greatest common factor of s and 3?
3
Suppose -408 = z - 6*z - 4*w, -4*z + 316 = -2*w. Calculate the highest common factor of 20 and z.
20
Let g(d) = -9*d - 1. Let c(l) = 26*l + 2. Let r(w) = -2*c(w) - 7*g(w). Let v be r(6). Suppose 141 = 4*n + 49. What is the highest common divisor of n and v?
23
Suppose -57 = -5*g - 2*o + 3*o, 5*g - 69 = -3*o. Calculate the greatest common factor of 804 and g.
12
Let g = 6 - -3. Let v be (-36)/g*-2*11. Suppose -2*r - 5*r + 77 = 0. What is the greatest common divisor of v and r?
11
Suppose 20*a + 6*z = 16*a + 358, -265 = -3*a - z. Calculate the greatest common divisor of a and 638.
22
Let i(g) be the third derivative of -g**6/120 - g**5/12 - g**4/4 + 7*g**2. Let r be i(-6). What is the greatest common divisor of r and 9?
9
Suppose -116 + 410 = 7*h. Suppose q - h = -9. What is the greatest common divisor of q and 3?
3
Suppose -82 = m + 37. Let f be (-2934)/(-12)*4/3. Let d = f + m. What is the greatest common divisor of 23 and d?
23
Let n = -7 - -14. Let o(f) = f**3 - 10*f**2 + 12*f + 2. Let a be o(9). Let w = 20 + a. Calculate the greatest common factor of n and w.
7
Let r = -399 - -416. Calculate the highest common divisor of r and 2.
1
Let f = -21 - -35. Let t(g) = -g**3 + 22*g**2. Let d be t(22). Let z = d - -14. Calculate the highest common factor of z and f.
14
Suppose 24 = 4*t + 4*g, -19 = -2*t + g + 5. Let i = 64 + 6. What is the greatest common divisor of t and i?
10
Let n(i) = i**2 - 11*i + 9. Let q be n(8). Let x = q + 18. Suppose -x*b + 52 = b. Calculate the highest common divisor of b and 117.
13
Let w be 1/2*2 - (1 + -4). Let s(l) = 7*l**2 - 2. Let q be s(w). Calculate the greatest common factor of 10 and q.
10
Let v = -392 - -688. What is the highest common divisor of v and 37?
37
Suppose -2*p + 200 = -5*q, 5*p - 3*q - 225 = 237. What is the highest common factor of 405 and p?
45
Let t be 80 - (-4 - (-2)/((-4)/(-14))). Let j(l) = -l - 41. Let d be j(0). Let x = d + t. Calculate the greatest common factor of x and 9.
9
Suppose 2*b + 5*w - 329 = -44, -4*b + 577 = 3*w. What is the greatest common divisor of 58 and b?
29
Let g = -140 + 141. What is the highest common factor of g and 25?
1
Let b be (-10 + 0)*(-1 - -2). Let a(f) = -f**3 - 9*f**2 + 7*f - 9. Let g be a(b). Suppose -g = -2*t + 39. Calculate the greatest common divisor of 6 and t.
6
Suppose 0 = 2*v + 8 + 4. Let t be 42 + (-2)/v*0. Let u(b) = -b**3 + 8*b**2 - 8*b + 4. Let w be u(6). What is the greatest common factor of t and w?
14
Let h(n) = -79*n + 25. Let z be h(-8). Calculate the highest common factor of z and 73.
73
Let g(j) = -9*j - 9*j - 19*j + 12 + 11*j. Let i be g(-3). What is the highest common factor of i and 54?
18
Let i = 7 - 4. Suppose -4*t = 8, 4*o - 8 = i*o + 2*t. Suppose 0*f - 128 = -o*f. What is the greatest common divisor of 4 and f?
4
Let n(f) = 2*f**3 - 22*f**2 + 32*f - 10. Let t be n(10). Calculate the highest common factor of t and 1485.
55
Let h(t) = -10 + 5*t**2 + 2*t - 6*t**2 + 5*t + 2*t. Let v be h(7). Let q be 0 + v + -3 - -4. Calculate the highest common divisor of 35 and q.
5
Let o be (-375)/(-4) + 2/8. Let g be (-3)/(1/(4/(-3))). Suppose g*z - 5*h - 26 = 33, -2*h = 4*z - o. Calculate the greatest common divisor of 189 and z.
21
Let p(v) = 29*v**2 - 3*v - 2. Let o be p(3). Let x be (0 + 1)/(2/8). Suppose 4*s = 3*w - x*w + 102, 2 = w. Calculate the greatest common factor of o and s.
25
Let b = 70 + 120. Calculate the highest common factor of b and 10.
10
Suppose -3*w + 4*k = -9, 0 = 5*w - 5*k - 17 - 3. What is the highest common factor of 224 and w?
7
Let g be ((-468)/(-27))/(1/9). Calculate the highest common divisor of 12 and g.
12
Let n(h) = 2*h**2 - 2*h - 4. Let z be n(6). Let l(t) = 3*t - 6. Let f be l(5). Suppose a = -f + 37. Calculate the highest common divisor of a and z.
28
Let y be 29/2 - (-2)/(-4). Suppose -448 = -4*d + f, -d = -4*f - 97 - 15. What is the highest common factor of d and y?
14
Suppose 308 = 4*v + 312, -3*m - v + 1187 = 0. What is the greatest common divisor of m and 77?
11
Let s = -35 + 38. Suppose y = s*o + 1, -2*y = o - 9 - 7. Let i be (-2)/((-80)/(-42) - 2). What is the greatest common divisor of y and i?
7
Let t(g) = g**3 - 28*g**2 + 26*g + 85. Let o be t(27). What is the highest common factor of o and 58?
58
Let v(n) = -n**3 + 14*n**2 + 35*n - 22. Let y be v(14). Calculate the highest common factor of y and 12.
12
Suppose -760 - 248 = -7*v. Calculate the highest common divisor of 108 and v.
36
Suppose -2847*q = -2858*q + 31548. What is the highest common factor of q and 12?
12
Let i be 2/6 - (-3647)/3. Calculate the highest common divisor of 19 and i.
19
Suppose 6*t = -5*p + 4*t, -t = -4*p. Suppose p = b - 2, -2*b - 6 = -0*m - 5*m. Let s be 78/9*3/m. What is the highest common factor of 13 and s?
13
Suppose -i = 3*f - 6*i - 53, 5*i = -f - 9. Suppose -f*v = -6*v - 280. Calculate the highest common divisor of v and 14.
14
Let v(m) = m**3 + 7*m**2 + 8*m - 2. Let c be v(-4). Calculate the greatest common divisor of c and 12.
2
Let f be 0 - 5/((-25)/35). Suppose -3*t = -f*t + 120. Calculate the greatest common factor of 12 and t.
6
Suppose 4*i = 18 - 10. Let a = 4 + -2. Let y = a + i. Calculate the highest common factor of y and 20.
4
Suppose 0 = y - 1, -2*r + 3*r = -2*y + 3. Let a = -5 - r. Let b(u) = -42*u - 9. Let j be b(a). Calculate the greatest common factor of j and 27.
27
Let p(x) = 386*x**2 - 84*x - 85. Let v be p(-1). What is the greatest common factor of v and 55?
55
Let h = -4 + -6. Let u be h*16/20*-1. What is the highest common factor of 8 and u?
8
Suppose -3*h = n - 2 + 5, 3*n + 27 = -3*h. Let j be (n/5)/((-3)/75). Let g be (2/(-3))/((-1)/36). Calculate the greatest common factor of j and g.
12
Let d = -156 + 256. Let q be 4/(2 + 248/(-125)). Calculate the highest common factor of q and d.
50
Let q = 51 + 101. What is the highest common divisor of q and 4?
4
Suppose 4*r - 33 = 275. Let x(h) be the third derivative of h**4/12 + 19*h**3/2 - 4*h**2. Let o be x(-23). What is the highest common factor of r and o?
11
Suppose 28 = -a + 34. Suppose -7*w = -a*w - 5. Let d be 2 + (2/1 - -1). Calculate the greatest common factor of w and d.
5
Let a(z) = -z**2 + 5*z + 7. Suppose -5*y + 10*y - 25 = 0. Let b be a(y). What is the greatest common factor of b and 21?
7
Let l(d) = 9*d + 7. Let h be l(2). Calculate the greatest common divisor of 775 and h.
25
Let w = -50 - -203. Calculate the highest common divisor of 17 and w.
17
Suppose 4*l - 74 + 12 = -5*b, -4*b + 43 = l. Calculate the greatest common divisor of b and 115.
5
Let i = 452 + -431. What is the highest common divisor of 3 and i?
3
Let l be ((-6)/10)/(((-17)/(-65))/(-17)). What is the highest common factor of 273 and l?
39
Let v be (-4)/(4*(-7)/168). Let f be -2*(-1 - 1/2). Calculate the greatest common divisor of v and f.
3
Let t(h) = h**3 - 7*h**2 - 18*h. Let x be t(10). Calculate the greatest common divisor of 30 and x.
30
Let x = 229 - 177. What is the greatest common divisor of 52 and x?
52
Let i(f) = -2*f + 18. Let k be i(-9). Suppose -k = 2*s - 6*s. What is the highest common factor of s and 9?
9
Suppose 67 = 4*w - 105. Let u = w + -31. What is the greatest common divisor of u and 3?
3
Let b = -8 - -11. Let v(u) = 2*u**b - 7*u - 6*u**2 + 2*u - 8 - 3*u**3. Let i be v(-6). Calculate the greatest common divisor of i and 2.
2
Suppose -b + z + 3